{"id":2638,"date":"2019-01-06T10:20:54","date_gmt":"2019-01-06T09:20:54","guid":{"rendered":"http:\/\/ovez.nanoagency.co\/?post_type=product&#038;p=2638"},"modified":"2022-10-18T12:45:38","modified_gmt":"2022-10-18T10:45:38","slug":"stuhl-caresse","status":"publish","type":"product","link":"https:\/\/www.klaus-bartels.de\/shop\/produkt\/stuhl-caresse\/","title":{"rendered":"Stuhl Caresse"},"content":{"rendered":"<p>[vc_row][vc_column][vc_column_text]\u201eCaresse der R\u00fcckenschmeichler\u201c<\/p>\n<p>Ein Stuhl, der seit \u00fcber 10 Jahren in den diversen Objekteinrichtungen und unz\u00e4hligen H\u00e4usern seinem Namen alle Ehre macht. 2006 wurde er mit dem <strong>Designpreis des Handwerks \u201eSEITENSPR\u00dcNGE\u201c<\/strong> ausgezeichnet und <strong>2007 wurde er zum BUNDESDESIGNPREIS nominiert<\/strong>. Die Langlebigkeit dieses handwerklich hergestellten Stuhles in Massivholz l\u00e4sst sich in den diversen Objekteinrichtungen nachpr\u00fcfen, vom Restaurant, \u00fcber kirchliche Einrichtungen bis hin zu schulischen Einsatzzwecken.<\/p>\n<p>Die Wahrhaftigkeit seines Namens \u201eR\u00fcckenschmeichler\u201c muss man sp\u00fcren. Die weich ausgeformte R\u00fcckenlehne nimmt den R\u00fccken auf, als wenn er daf\u00fcr gewachsen w\u00e4re. Der Stuhl ist stapelbar und wird in diversen Massivh\u00f6lzern heimischer Herkunft gefertigt, am meisten jedoch in ausgesuchter Kernbuche aus W\u00e4ldern der Region.<\/p>\n<p>Die Oberfl\u00e4che von dem Stuhl ist ge\u00f6lt mit dem biologischen Naturharz\u00f6l der Firma Livos, einer der ersten Firmen, die all ihre Inhaltsstoffe deklariert haben. Damit ist die Oberfl\u00e4che nahezu unverw\u00fcstlich.[\/vc_column_text][\/vc_column][\/vc_row][vc_row gap=&#8221;30&#8243; css=&#8221;.vc_custom_1546886901929{margin-bottom: 80px !important;padding-top: 80px !important;}&#8221;][vc_column width=&#8221;1\/3&#8243;][vc_custom_heading text=&#8221;Gewerblicher Abnehmer?&#8221; font_container=&#8221;tag:h4|text_align:left|color:%23232323&#8243; use_theme_fonts=&#8221;yes&#8221; el_class=&#8221;headline_h4_text&#8221; css=&#8221;.vc_custom_1546886807119{margin-bottom: 30px !important;}&#8221;][vc_column_text]Preise f\u00fcr gewerbliche Abnahmemengen bitte extra anfragen (Einrichtung von Gastronomie, Bildungsst\u00e4tten, Kommunen, Kirchen usw.)<\/p>\n<p>Alle genannten Preise:<br \/>\n&#8211; ab Werk<br \/>\n&#8211; inkl. 19% MwSt.[\/vc_column_text][\/vc_column][vc_column width=&#8221;1\/3&#8243;][vc_custom_heading text=&#8221;Verpackung &amp; Versand&#8221; font_container=&#8221;tag:h4|text_align:left|color:%23232323&#8243; use_theme_fonts=&#8221;yes&#8221; el_class=&#8221;headline_h4_text&#8221; css=&#8221;.vc_custom_1546886826441{margin-bottom: 30px !important;}&#8221;][vc_column_text]Verpackung (Karton ohne Plastik) und Versand pro Stuhl bei Abnahme bis zu 4 St\u00fcck (i. Deutschland)<br \/>\nzzgl. <span style=\"color: #990000; font-family: DarwinPro-SemiBold;\">\u20ac 63,-<\/span> pro Stuhl<\/p>\n<p><strong>Gewicht:<\/strong> ca. 8 kg \/ Stuhl<br \/>\n<strong>Ma\u00dfe:<\/strong> 50cm x 50cm x 100cm \/ Stuhl<br \/>\n<strong>Auslieferung:<\/strong> auf Wunsch m\u00f6glich.[\/vc_column_text][\/vc_column][vc_column width=&#8221;1\/3&#8243;][vc_custom_heading text=&#8221;Gesch\u00fctztes Design&#8221; font_container=&#8221;tag:h4|text_align:left|color:%23232323&#8243; use_theme_fonts=&#8221;yes&#8221; el_class=&#8221;headline_h4_text&#8221; css=&#8221;.vc_custom_1546857144758{margin-bottom: 30px !important;}&#8221;][vc_column_text]Alle Designs sind von Klaus Bartels und <strong>patentrechtlich gesch\u00fctzt<\/strong>. Etwaige Nachbauten, Kopien, Plagiate usw. werden anwaltlich geahndet.[\/vc_column_text][\/vc_column][\/vc_row]<\/p>\n","protected":false},"excerpt":{"rendered":"<p><strong>\u201eCaresse der R\u00fcckenschmeichler\u201c<\/strong> Ein Stuhl, der seit \u00fcber 10 Jahren in den diversen Objekteinrichtungen und unz\u00e4hligen H\u00e4usern seinem Namen alle Ehre macht. 2006 wurde er mit dem <strong>Designpreis des Handwerks \u201eSEITENSPR\u00dcNGE\u201c<\/strong> ausgezeichnet und 2007 wurde er zum <strong>BUNDESDESIGNPREIS<\/strong> nominiert.<\/p>\n","protected":false},"featured_media":4451,"template":"","meta":[],"product_cat":[76],"product_tag":[],"yoast_head":"<!-- This site is optimized with the Yoast SEO plugin v22.1 - https:\/\/yoast.com\/wordpress\/plugins\/seo\/ -->\n<title>Stuhl Caresse &#8211; Echtholzstuhl<\/title>\n<meta name=\"description\" content=\"Echtholzstuhl Caresse - Massivholz Stuhl aus der Manufaktur Schreinerei Klaus Bartels Echtolzdesign Thurnau. St\u00fchle sind unsere Leidenschaft, seit 1975.\" \/>\n<meta name=\"robots\" content=\"index, follow, max-snippet:-1, max-image-preview:large, max-video-preview:-1\" \/>\n<link rel=\"canonical\" href=\"https:\/\/www.klaus-bartels.de\/shop\/produkt\/stuhl-caresse\/\" \/>\n<meta property=\"og:locale\" content=\"de_DE\" \/>\n<meta property=\"og:type\" content=\"article\" \/>\n<meta property=\"og:title\" content=\"Stuhl Caresse &#8211; Echtholzstuhl\" \/>\n<meta property=\"og:description\" content=\"Echtholzstuhl Caresse - Massivholz Stuhl aus der Manufaktur Schreinerei Klaus Bartels Echtolzdesign Thurnau. St\u00fchle sind unsere Leidenschaft, seit 1975.\" \/>\n<meta property=\"og:url\" content=\"https:\/\/www.klaus-bartels.de\/shop\/produkt\/stuhl-caresse\/\" \/>\n<meta property=\"og:site_name\" content=\"Echtholzstuhl\" \/>\n<meta property=\"article:modified_time\" content=\"2022-10-18T10:45:38+00:00\" \/>\n<meta property=\"og:image\" content=\"https:\/\/www.klaus-bartels.de\/shop\/wp-content\/uploads\/2019\/01\/caresse-670x600-1.jpg\" \/>\n\t<meta property=\"og:image:width\" content=\"1340\" \/>\n\t<meta property=\"og:image:height\" content=\"1200\" \/>\n\t<meta property=\"og:image:type\" content=\"image\/jpeg\" \/>\n<meta name=\"twitter:card\" content=\"summary_large_image\" \/>\n<meta name=\"twitter:label1\" content=\"Gesch\u00e4tzte Lesezeit\" \/>\n\t<meta name=\"twitter:data1\" content=\"2\u00a0Minuten\" \/>\n<script type=\"application\/ld+json\" class=\"yoast-schema-graph\">{\"@context\":\"https:\/\/schema.org\",\"@graph\":[{\"@type\":\"WebPage\",\"@id\":\"https:\/\/www.klaus-bartels.de\/shop\/produkt\/stuhl-caresse\/\",\"url\":\"https:\/\/www.klaus-bartels.de\/shop\/produkt\/stuhl-caresse\/\",\"name\":\"Stuhl Caresse &#8211; Echtholzstuhl\",\"isPartOf\":{\"@id\":\"https:\/\/www.klaus-bartels.de\/shop\/#website\"},\"datePublished\":\"2019-01-06T09:20:54+00:00\",\"dateModified\":\"2022-10-18T10:45:38+00:00\",\"description\":\"Echtholzstuhl Caresse - Massivholz Stuhl aus der Manufaktur Schreinerei Klaus Bartels Echtolzdesign Thurnau. St\u00fchle sind unsere Leidenschaft, seit 1975.\",\"breadcrumb\":{\"@id\":\"https:\/\/www.klaus-bartels.de\/shop\/produkt\/stuhl-caresse\/#breadcrumb\"},\"inLanguage\":\"de\",\"potentialAction\":[{\"@type\":\"ReadAction\",\"target\":[\"https:\/\/www.klaus-bartels.de\/shop\/produkt\/stuhl-caresse\/\"]}]},{\"@type\":\"BreadcrumbList\",\"@id\":\"https:\/\/www.klaus-bartels.de\/shop\/produkt\/stuhl-caresse\/#breadcrumb\",\"itemListElement\":[{\"@type\":\"ListItem\",\"position\":1,\"name\":\"Startseite\",\"item\":\"https:\/\/www.klaus-bartels.de\/shop\/\"},{\"@type\":\"ListItem\",\"position\":2,\"name\":\"Echtholz Stuhl \u2013 Online Shop\",\"item\":\"https:\/\/www.klaus-bartels.de\/shop\/\"},{\"@type\":\"ListItem\",\"position\":3,\"name\":\"Stuhl Caresse\"}]},{\"@type\":\"WebSite\",\"@id\":\"https:\/\/www.klaus-bartels.de\/shop\/#website\",\"url\":\"https:\/\/www.klaus-bartels.de\/shop\/\",\"name\":\"Echtholzstuhl - Massivholzst\u00fchle von Klaus Bartels Schreinerei Thurnau\",\"description\":\"Klaus Bartels - Echtholzdesign - Schreinerei | Thurnau\",\"publisher\":{\"@id\":\"https:\/\/www.klaus-bartels.de\/shop\/#organization\"},\"potentialAction\":[{\"@type\":\"SearchAction\",\"target\":{\"@type\":\"EntryPoint\",\"urlTemplate\":\"https:\/\/www.klaus-bartels.de\/shop\/?s={search_term_string}\"},\"query-input\":\"required name=search_term_string\"}],\"inLanguage\":\"de\"},{\"@type\":\"Organization\",\"@id\":\"https:\/\/www.klaus-bartels.de\/shop\/#organization\",\"name\":\"Echtholzstuhl \u2013 Klaus Bartels \u2013 Schreinerei\",\"url\":\"https:\/\/www.klaus-bartels.de\/shop\/\",\"logo\":{\"@type\":\"ImageObject\",\"inLanguage\":\"de\",\"@id\":\"https:\/\/www.klaus-bartels.de\/shop\/#\/schema\/logo\/image\/\",\"url\":\"https:\/\/www.klaus-bartels.de\/shop\/wp-content\/uploads\/2019\/01\/logo_footer_echtholzstuhl_thurnau.png\",\"contentUrl\":\"https:\/\/www.klaus-bartels.de\/shop\/wp-content\/uploads\/2019\/01\/logo_footer_echtholzstuhl_thurnau.png\",\"width\":435,\"height\":92,\"caption\":\"Echtholzstuhl \u2013 Klaus Bartels \u2013 Schreinerei\"},\"image\":{\"@id\":\"https:\/\/www.klaus-bartels.de\/shop\/#\/schema\/logo\/image\/\"}}]}<\/script>\n<!-- \/ Yoast SEO plugin. -->","yoast_head_json":{"title":"Stuhl Caresse &#8211; Echtholzstuhl","description":"Echtholzstuhl Caresse - Massivholz Stuhl aus der Manufaktur Schreinerei Klaus Bartels Echtolzdesign Thurnau. St\u00fchle sind unsere Leidenschaft, seit 1975.","robots":{"index":"index","follow":"follow","max-snippet":"max-snippet:-1","max-image-preview":"max-image-preview:large","max-video-preview":"max-video-preview:-1"},"canonical":"https:\/\/www.klaus-bartels.de\/shop\/produkt\/stuhl-caresse\/","og_locale":"de_DE","og_type":"article","og_title":"Stuhl Caresse &#8211; Echtholzstuhl","og_description":"Echtholzstuhl Caresse - Massivholz Stuhl aus der Manufaktur Schreinerei Klaus Bartels Echtolzdesign Thurnau. St\u00fchle sind unsere Leidenschaft, seit 1975.","og_url":"https:\/\/www.klaus-bartels.de\/shop\/produkt\/stuhl-caresse\/","og_site_name":"Echtholzstuhl","article_modified_time":"2022-10-18T10:45:38+00:00","og_image":[{"width":1340,"height":1200,"url":"https:\/\/www.klaus-bartels.de\/shop\/wp-content\/uploads\/2019\/01\/caresse-670x600-1.jpg","type":"image\/jpeg"}],"twitter_card":"summary_large_image","twitter_misc":{"Gesch\u00e4tzte Lesezeit":"2\u00a0Minuten"},"schema":{"@context":"https:\/\/schema.org","@graph":[{"@type":"WebPage","@id":"https:\/\/www.klaus-bartels.de\/shop\/produkt\/stuhl-caresse\/","url":"https:\/\/www.klaus-bartels.de\/shop\/produkt\/stuhl-caresse\/","name":"Stuhl Caresse &#8211; Echtholzstuhl","isPartOf":{"@id":"https:\/\/www.klaus-bartels.de\/shop\/#website"},"datePublished":"2019-01-06T09:20:54+00:00","dateModified":"2022-10-18T10:45:38+00:00","description":"Echtholzstuhl Caresse - Massivholz Stuhl aus der Manufaktur Schreinerei Klaus Bartels Echtolzdesign Thurnau. St\u00fchle sind unsere Leidenschaft, seit 1975.","breadcrumb":{"@id":"https:\/\/www.klaus-bartels.de\/shop\/produkt\/stuhl-caresse\/#breadcrumb"},"inLanguage":"de","potentialAction":[{"@type":"ReadAction","target":["https:\/\/www.klaus-bartels.de\/shop\/produkt\/stuhl-caresse\/"]}]},{"@type":"BreadcrumbList","@id":"https:\/\/www.klaus-bartels.de\/shop\/produkt\/stuhl-caresse\/#breadcrumb","itemListElement":[{"@type":"ListItem","position":1,"name":"Startseite","item":"https:\/\/www.klaus-bartels.de\/shop\/"},{"@type":"ListItem","position":2,"name":"Echtholz Stuhl \u2013 Online Shop","item":"https:\/\/www.klaus-bartels.de\/shop\/"},{"@type":"ListItem","position":3,"name":"Stuhl Caresse"}]},{"@type":"WebSite","@id":"https:\/\/www.klaus-bartels.de\/shop\/#website","url":"https:\/\/www.klaus-bartels.de\/shop\/","name":"Echtholzstuhl - Massivholzst\u00fchle von Klaus Bartels Schreinerei Thurnau","description":"Klaus Bartels - Echtholzdesign - Schreinerei | Thurnau","publisher":{"@id":"https:\/\/www.klaus-bartels.de\/shop\/#organization"},"potentialAction":[{"@type":"SearchAction","target":{"@type":"EntryPoint","urlTemplate":"https:\/\/www.klaus-bartels.de\/shop\/?s={search_term_string}"},"query-input":"required name=search_term_string"}],"inLanguage":"de"},{"@type":"Organization","@id":"https:\/\/www.klaus-bartels.de\/shop\/#organization","name":"Echtholzstuhl \u2013 Klaus Bartels \u2013 Schreinerei","url":"https:\/\/www.klaus-bartels.de\/shop\/","logo":{"@type":"ImageObject","inLanguage":"de","@id":"https:\/\/www.klaus-bartels.de\/shop\/#\/schema\/logo\/image\/","url":"https:\/\/www.klaus-bartels.de\/shop\/wp-content\/uploads\/2019\/01\/logo_footer_echtholzstuhl_thurnau.png","contentUrl":"https:\/\/www.klaus-bartels.de\/shop\/wp-content\/uploads\/2019\/01\/logo_footer_echtholzstuhl_thurnau.png","width":435,"height":92,"caption":"Echtholzstuhl \u2013 Klaus Bartels \u2013 Schreinerei"},"image":{"@id":"https:\/\/www.klaus-bartels.de\/shop\/#\/schema\/logo\/image\/"}}]}},"_links":{"self":[{"href":"https:\/\/www.klaus-bartels.de\/shop\/wp-json\/wp\/v2\/product\/2638"}],"collection":[{"href":"https:\/\/www.klaus-bartels.de\/shop\/wp-json\/wp\/v2\/product"}],"about":[{"href":"https:\/\/www.klaus-bartels.de\/shop\/wp-json\/wp\/v2\/types\/product"}],"wp:featuredmedia":[{"embeddable":true,"href":"https:\/\/www.klaus-bartels.de\/shop\/wp-json\/wp\/v2\/media\/4451"}],"wp:attachment":[{"href":"https:\/\/www.klaus-bartels.de\/shop\/wp-json\/wp\/v2\/media?parent=2638"}],"wp:term":[{"taxonomy":"product_cat","embeddable":true,"href":"https:\/\/www.klaus-bartels.de\/shop\/wp-json\/wp\/v2\/product_cat?post=2638"},{"taxonomy":"product_tag","embeddable":true,"href":"https:\/\/www.klaus-bartels.de\/shop\/wp-json\/wp\/v2\/product_tag?post=2638"}],"curies":[{"name":"wp","href":"https:\/\/api.w.org\/{rel}","templated":true}]}}