{"id":2449,"date":"2019-01-07T10:00:23","date_gmt":"2019-01-07T09:00:23","guid":{"rendered":"http:\/\/ovez.nanoagency.co\/?post_type=product&#038;p=2449"},"modified":"2022-10-14T17:15:00","modified_gmt":"2022-10-14T15:15:00","slug":"stuhl-jo","status":"publish","type":"product","link":"https:\/\/www.klaus-bartels.de\/shop\/produkt\/stuhl-jo\/","title":{"rendered":"Stuhl JO"},"content":{"rendered":"<p>[vc_row][vc_column][vc_column_text]Ein handwerklich gefertigter Stuhl aus Massivholz in ausgefeilter Ergonomie aus 43 Jahren Erfahrung im Stuhlbau. Ausgesuchte H\u00f6lzer, Verbindungen mit Doppelzapfen, eine \u00dcberblattung im Zargenkreuz und ein ausget\u00fcfteltes Spiel mit den Winkeln als statische Aussteifung versprechen eine lange Haltbarkeit.<\/p>\n<p>Dank einem bewussten Umgang mit den Erkenntnissen zu einem gesunden und entspannten Sitzen zeichnet sich dieser Stuhl durch eine einmalige Ergonomie aus. Das Handling wird durch ein geringes Gewicht erleichtert, wie es f\u00fcr einen Massivholzstuhl einmalig ist: je nach Holzart wiegt der Stuhl zwischen 4,5 und 5,5 kg. Der Stuhl ist stapelbar.<\/p>\n<p>Die Oberfl\u00e4che von dem Stuhl ist ge\u00f6lt mit dem biologischen Naturharz\u00f6l der Firma Livos, einer der ersten Firmen, die all ihre Inhaltsstoffe deklariert haben. Damit ist die Oberfl\u00e4che nahezu unverw\u00fcstlich. Mit der Auszeichnung <strong><a href=\"https:\/\/www.iconic-world.de\/directory\/jo\" target=\"_blank\" rel=\"noopener\">ICONIC AWARD 2019<\/a><\/strong> und der damit einhergehenden Nominierung zum Bundesdesignpreis durch das <strong><a href=\"https:\/\/www.iconic-world.de\/directory\/jo\" target=\"_blank\" rel=\"noopener\">GERMAN DESIGN COUNCIL<\/a><\/strong> (Rat f\u00fcr Formgebung) beweist sich das einmalige Design dieses Stuhlentwurfes.[\/vc_column_text][\/vc_column][\/vc_row][vc_row gap=&#8221;30&#8243; css=&#8221;.vc_custom_1546886901929{margin-bottom: 80px !important;padding-top: 80px !important;}&#8221;][vc_column width=&#8221;1\/3&#8243;][vc_custom_heading text=&#8221;Gewerblicher Abnehmer?&#8221; font_container=&#8221;tag:h4|text_align:left|color:%23232323&#8243; use_theme_fonts=&#8221;yes&#8221; el_class=&#8221;headline_h4_text&#8221; css=&#8221;.vc_custom_1546886807119{margin-bottom: 30px !important;}&#8221;][vc_column_text]Preise f\u00fcr gewerbliche Abnahmemengen bitte extra anfragen (Einrichtung von Gastronomie, Bildungsst\u00e4tten, Kommunen, Kirchen usw.)<\/p>\n<p>Alle genannten Preise:<br \/>\n&#8211; ab Werk<br \/>\n&#8211; inkl. 19% MwSt.[\/vc_column_text][\/vc_column][vc_column width=&#8221;1\/3&#8243;][vc_custom_heading text=&#8221;Verpackung &amp; Versand&#8221; font_container=&#8221;tag:h4|text_align:left|color:%23232323&#8243; use_theme_fonts=&#8221;yes&#8221; el_class=&#8221;headline_h4_text&#8221; css=&#8221;.vc_custom_1546886826441{margin-bottom: 30px !important;}&#8221;][vc_column_text]Verpackung (Karton ohne Plastik) und Versand pro Stuhl bei Abnahme bis zu 4 St\u00fcck (i. Deutschland)<br \/>\nzzgl. <span style=\"color: #990000; font-family: DarwinPro-SemiBold;\">\u20ac 63,-<\/span> pro Stuhl<\/p>\n<p><strong>Gewicht:<\/strong> ca. 8 kg \/ Stuhl<br \/>\n<strong>Ma\u00dfe:<\/strong> 50cm x 50cm x 100cm \/ Stuhl<br \/>\n<strong>Auslieferung:<\/strong> auf Wunsch m\u00f6glich.[\/vc_column_text][\/vc_column][vc_column width=&#8221;1\/3&#8243;][vc_custom_heading text=&#8221;Gesch\u00fctztes Design&#8221; font_container=&#8221;tag:h4|text_align:left|color:%23232323&#8243; use_theme_fonts=&#8221;yes&#8221; el_class=&#8221;headline_h4_text&#8221; css=&#8221;.vc_custom_1546857144758{margin-bottom: 30px !important;}&#8221;][vc_column_text]Alle Designs sind von Klaus Bartels und <strong>patentrechtlich gesch\u00fctzt<\/strong>. Etwaige Nachbauten, Kopien, Plagiate usw. werden anwaltlich geahndet.[\/vc_column_text][\/vc_column][\/vc_row]<\/p>\n","protected":false},"excerpt":{"rendered":"<p>Mit der Auszeichnung <strong>ICONIC AWARD 2019<\/strong> und der damit einhergehenden Nominierung zum Bundesdesignpreis durch das <strong>GERMAN DESIGN COUNCIL<\/strong> (Rat f\u00fcr Formgebung) beweist sich das einmalige Design dieses Stuhlentwurfes.<\/p>\n","protected":false},"featured_media":4423,"template":"","meta":[],"product_cat":[76],"product_tag":[],"yoast_head":"<!-- This site is optimized with the Yoast SEO plugin v22.1 - https:\/\/yoast.com\/wordpress\/plugins\/seo\/ -->\n<title>Stuhl JO &#8211; Echtholzstuhl<\/title>\n<meta name=\"description\" content=\"Echtholzstuhl JO - Massivholz Stuhl aus der Manufaktur Schreinerei Klaus Bartels Echtolzdesign Thurnau. St\u00fchle sind unsere Leidenschaft, seit 1975.\" \/>\n<meta name=\"robots\" content=\"index, follow, max-snippet:-1, max-image-preview:large, max-video-preview:-1\" \/>\n<link rel=\"canonical\" href=\"https:\/\/www.klaus-bartels.de\/shop\/?product=stuhl-jo\" \/>\n<meta property=\"og:locale\" content=\"de_DE\" \/>\n<meta property=\"og:type\" content=\"article\" \/>\n<meta property=\"og:title\" content=\"Stuhl JO &#8211; Echtholzstuhl\" \/>\n<meta property=\"og:description\" content=\"Echtholzstuhl JO - Massivholz Stuhl aus der Manufaktur Schreinerei Klaus Bartels Echtolzdesign Thurnau. St\u00fchle sind unsere Leidenschaft, seit 1975.\" \/>\n<meta property=\"og:url\" content=\"https:\/\/www.klaus-bartels.de\/shop\/?product=stuhl-jo\" \/>\n<meta property=\"og:site_name\" content=\"Echtholzstuhl\" \/>\n<meta property=\"article:modified_time\" content=\"2022-10-14T15:15:00+00:00\" \/>\n<meta property=\"og:image\" content=\"https:\/\/www.klaus-bartels.de\/shop\/wp-content\/uploads\/2019\/01\/jo-670x600.jpg\" \/>\n\t<meta property=\"og:image:width\" content=\"1340\" \/>\n\t<meta property=\"og:image:height\" content=\"1200\" \/>\n\t<meta property=\"og:image:type\" content=\"image\/jpeg\" \/>\n<meta name=\"twitter:card\" content=\"summary_large_image\" \/>\n<meta name=\"twitter:label1\" content=\"Gesch\u00e4tzte Lesezeit\" \/>\n\t<meta name=\"twitter:data1\" content=\"2\u00a0Minuten\" \/>\n<script type=\"application\/ld+json\" class=\"yoast-schema-graph\">{\"@context\":\"https:\/\/schema.org\",\"@graph\":[{\"@type\":\"WebPage\",\"@id\":\"https:\/\/www.klaus-bartels.de\/shop\/?product=stuhl-jo\",\"url\":\"https:\/\/www.klaus-bartels.de\/shop\/?product=stuhl-jo\",\"name\":\"Stuhl JO &#8211; Echtholzstuhl\",\"isPartOf\":{\"@id\":\"https:\/\/www.klaus-bartels.de\/shop\/#website\"},\"datePublished\":\"2019-01-07T09:00:23+00:00\",\"dateModified\":\"2022-10-14T15:15:00+00:00\",\"description\":\"Echtholzstuhl JO - Massivholz Stuhl aus der Manufaktur Schreinerei Klaus Bartels Echtolzdesign Thurnau. St\u00fchle sind unsere Leidenschaft, seit 1975.\",\"breadcrumb\":{\"@id\":\"https:\/\/www.klaus-bartels.de\/shop\/?product=stuhl-jo#breadcrumb\"},\"inLanguage\":\"de\",\"potentialAction\":[{\"@type\":\"ReadAction\",\"target\":[\"https:\/\/www.klaus-bartels.de\/shop\/?product=stuhl-jo\"]}]},{\"@type\":\"BreadcrumbList\",\"@id\":\"https:\/\/www.klaus-bartels.de\/shop\/?product=stuhl-jo#breadcrumb\",\"itemListElement\":[{\"@type\":\"ListItem\",\"position\":1,\"name\":\"Startseite\",\"item\":\"https:\/\/www.klaus-bartels.de\/shop\/\"},{\"@type\":\"ListItem\",\"position\":2,\"name\":\"Echtholz Stuhl \u2013 Online Shop\",\"item\":\"https:\/\/www.klaus-bartels.de\/shop\/\"},{\"@type\":\"ListItem\",\"position\":3,\"name\":\"Stuhl JO\"}]},{\"@type\":\"WebSite\",\"@id\":\"https:\/\/www.klaus-bartels.de\/shop\/#website\",\"url\":\"https:\/\/www.klaus-bartels.de\/shop\/\",\"name\":\"Echtholzstuhl - Massivholzst\u00fchle von Klaus Bartels Schreinerei Thurnau\",\"description\":\"Klaus Bartels - Echtholzdesign - Schreinerei | Thurnau\",\"publisher\":{\"@id\":\"https:\/\/www.klaus-bartels.de\/shop\/#organization\"},\"potentialAction\":[{\"@type\":\"SearchAction\",\"target\":{\"@type\":\"EntryPoint\",\"urlTemplate\":\"https:\/\/www.klaus-bartels.de\/shop\/?s={search_term_string}\"},\"query-input\":\"required name=search_term_string\"}],\"inLanguage\":\"de\"},{\"@type\":\"Organization\",\"@id\":\"https:\/\/www.klaus-bartels.de\/shop\/#organization\",\"name\":\"Echtholzstuhl \u2013 Klaus Bartels \u2013 Schreinerei\",\"url\":\"https:\/\/www.klaus-bartels.de\/shop\/\",\"logo\":{\"@type\":\"ImageObject\",\"inLanguage\":\"de\",\"@id\":\"https:\/\/www.klaus-bartels.de\/shop\/#\/schema\/logo\/image\/\",\"url\":\"https:\/\/www.klaus-bartels.de\/shop\/wp-content\/uploads\/2019\/01\/logo_footer_echtholzstuhl_thurnau.png\",\"contentUrl\":\"https:\/\/www.klaus-bartels.de\/shop\/wp-content\/uploads\/2019\/01\/logo_footer_echtholzstuhl_thurnau.png\",\"width\":435,\"height\":92,\"caption\":\"Echtholzstuhl \u2013 Klaus Bartels \u2013 Schreinerei\"},\"image\":{\"@id\":\"https:\/\/www.klaus-bartels.de\/shop\/#\/schema\/logo\/image\/\"}}]}<\/script>\n<!-- \/ Yoast SEO plugin. -->","yoast_head_json":{"title":"Stuhl JO &#8211; Echtholzstuhl","description":"Echtholzstuhl JO - Massivholz Stuhl aus der Manufaktur Schreinerei Klaus Bartels Echtolzdesign Thurnau. St\u00fchle sind unsere Leidenschaft, seit 1975.","robots":{"index":"index","follow":"follow","max-snippet":"max-snippet:-1","max-image-preview":"max-image-preview:large","max-video-preview":"max-video-preview:-1"},"canonical":"https:\/\/www.klaus-bartels.de\/shop\/?product=stuhl-jo","og_locale":"de_DE","og_type":"article","og_title":"Stuhl JO &#8211; Echtholzstuhl","og_description":"Echtholzstuhl JO - Massivholz Stuhl aus der Manufaktur Schreinerei Klaus Bartels Echtolzdesign Thurnau. St\u00fchle sind unsere Leidenschaft, seit 1975.","og_url":"https:\/\/www.klaus-bartels.de\/shop\/?product=stuhl-jo","og_site_name":"Echtholzstuhl","article_modified_time":"2022-10-14T15:15:00+00:00","og_image":[{"width":1340,"height":1200,"url":"https:\/\/www.klaus-bartels.de\/shop\/wp-content\/uploads\/2019\/01\/jo-670x600.jpg","type":"image\/jpeg"}],"twitter_card":"summary_large_image","twitter_misc":{"Gesch\u00e4tzte Lesezeit":"2\u00a0Minuten"},"schema":{"@context":"https:\/\/schema.org","@graph":[{"@type":"WebPage","@id":"https:\/\/www.klaus-bartels.de\/shop\/?product=stuhl-jo","url":"https:\/\/www.klaus-bartels.de\/shop\/?product=stuhl-jo","name":"Stuhl JO &#8211; Echtholzstuhl","isPartOf":{"@id":"https:\/\/www.klaus-bartels.de\/shop\/#website"},"datePublished":"2019-01-07T09:00:23+00:00","dateModified":"2022-10-14T15:15:00+00:00","description":"Echtholzstuhl JO - Massivholz Stuhl aus der Manufaktur Schreinerei Klaus Bartels Echtolzdesign Thurnau. St\u00fchle sind unsere Leidenschaft, seit 1975.","breadcrumb":{"@id":"https:\/\/www.klaus-bartels.de\/shop\/?product=stuhl-jo#breadcrumb"},"inLanguage":"de","potentialAction":[{"@type":"ReadAction","target":["https:\/\/www.klaus-bartels.de\/shop\/?product=stuhl-jo"]}]},{"@type":"BreadcrumbList","@id":"https:\/\/www.klaus-bartels.de\/shop\/?product=stuhl-jo#breadcrumb","itemListElement":[{"@type":"ListItem","position":1,"name":"Startseite","item":"https:\/\/www.klaus-bartels.de\/shop\/"},{"@type":"ListItem","position":2,"name":"Echtholz Stuhl \u2013 Online Shop","item":"https:\/\/www.klaus-bartels.de\/shop\/"},{"@type":"ListItem","position":3,"name":"Stuhl JO"}]},{"@type":"WebSite","@id":"https:\/\/www.klaus-bartels.de\/shop\/#website","url":"https:\/\/www.klaus-bartels.de\/shop\/","name":"Echtholzstuhl - Massivholzst\u00fchle von Klaus Bartels Schreinerei Thurnau","description":"Klaus Bartels - Echtholzdesign - Schreinerei | Thurnau","publisher":{"@id":"https:\/\/www.klaus-bartels.de\/shop\/#organization"},"potentialAction":[{"@type":"SearchAction","target":{"@type":"EntryPoint","urlTemplate":"https:\/\/www.klaus-bartels.de\/shop\/?s={search_term_string}"},"query-input":"required name=search_term_string"}],"inLanguage":"de"},{"@type":"Organization","@id":"https:\/\/www.klaus-bartels.de\/shop\/#organization","name":"Echtholzstuhl \u2013 Klaus Bartels \u2013 Schreinerei","url":"https:\/\/www.klaus-bartels.de\/shop\/","logo":{"@type":"ImageObject","inLanguage":"de","@id":"https:\/\/www.klaus-bartels.de\/shop\/#\/schema\/logo\/image\/","url":"https:\/\/www.klaus-bartels.de\/shop\/wp-content\/uploads\/2019\/01\/logo_footer_echtholzstuhl_thurnau.png","contentUrl":"https:\/\/www.klaus-bartels.de\/shop\/wp-content\/uploads\/2019\/01\/logo_footer_echtholzstuhl_thurnau.png","width":435,"height":92,"caption":"Echtholzstuhl \u2013 Klaus Bartels \u2013 Schreinerei"},"image":{"@id":"https:\/\/www.klaus-bartels.de\/shop\/#\/schema\/logo\/image\/"}}]}},"_links":{"self":[{"href":"https:\/\/www.klaus-bartels.de\/shop\/wp-json\/wp\/v2\/product\/2449"}],"collection":[{"href":"https:\/\/www.klaus-bartels.de\/shop\/wp-json\/wp\/v2\/product"}],"about":[{"href":"https:\/\/www.klaus-bartels.de\/shop\/wp-json\/wp\/v2\/types\/product"}],"wp:featuredmedia":[{"embeddable":true,"href":"https:\/\/www.klaus-bartels.de\/shop\/wp-json\/wp\/v2\/media\/4423"}],"wp:attachment":[{"href":"https:\/\/www.klaus-bartels.de\/shop\/wp-json\/wp\/v2\/media?parent=2449"}],"wp:term":[{"taxonomy":"product_cat","embeddable":true,"href":"https:\/\/www.klaus-bartels.de\/shop\/wp-json\/wp\/v2\/product_cat?post=2449"},{"taxonomy":"product_tag","embeddable":true,"href":"https:\/\/www.klaus-bartels.de\/shop\/wp-json\/wp\/v2\/product_tag?post=2449"}],"curies":[{"name":"wp","href":"https:\/\/api.w.org\/{rel}","templated":true}]}}