{"id":4718,"date":"2019-01-19T17:52:15","date_gmt":"2019-01-19T16:52:15","guid":{"rendered":"https:\/\/www.klaus-bartels.de\/shop\/?page_id=4718"},"modified":"2020-09-07T14:40:44","modified_gmt":"2020-09-07T12:40:44","slug":"versandkosten","status":"publish","type":"page","link":"https:\/\/www.klaus-bartels.de\/shop\/informationen\/versandkosten\/","title":{"rendered":"Versandkosten"},"content":{"rendered":"<p>[vc_row full_width=&#8221;stretch_row&#8221; parallax=&#8221;content-moving-image&#8221; parallax_image=&#8221;4763&#8243; css=&#8221;.vc_custom_1548701244210{margin-top: -85px !important;}&#8221;][vc_column][vc_empty_space height=&#8221;200px&#8221; el_class=&#8221;hidden-xs hidden-sm&#8221;][vc_custom_heading text=&#8221;Versandkosten&#8221; font_container=&#8221;tag:h3|font_size:60px|text_align:center|color:%23ffffff|line_height:60px&#8221; use_theme_fonts=&#8221;yes&#8221; el_class=&#8221;text-header&#8221;][vc_empty_space height=&#8221;200px&#8221; el_class=&#8221;hidden-xs hidden-sm&#8221;][\/vc_column][\/vc_row][vc_row gap=&#8221;30&#8243; css=&#8221;.vc_custom_1548660485172{padding-top: 110px !important;padding-bottom: 110px !important;}&#8221;][vc_column width=&#8221;1\/3&#8243;][vc_custom_heading text=&#8221;Infos zum Versand&#8221; font_container=&#8221;tag:h4|text_align:right|color:%23232323&#8243; use_theme_fonts=&#8221;yes&#8221; el_class=&#8221;headline_h4_text&#8221; css=&#8221;.vc_custom_1548660205616{margin-top: 0px !important;padding-top: 0px !important;}&#8221;][\/vc_column][vc_column width=&#8221;2\/3&#8243;][vc_column_text]Wir haben extra stabile Kartons, die jeweils f\u00fcr einen Stuhl passen. Dort sind die St\u00fchle ohne Plastik und sonstigen M\u00fcll ressourcenschonend gut verstaut.[\/vc_column_text][vc_empty_space height=&#8221;20px&#8221; el_class=&#8221;hidden-xs&#8221;][vc_column_text]Sie k\u00f6nnen so einzelnen mit DPD verschickt werden. Und Sie haben keinen weiteren M\u00fcll au\u00dfer Altpapier, welches wir Sie bitten, umweltfreundlich zum Altpapier zu geben.[\/vc_column_text][vc_empty_space height=&#8221;20px&#8221; el_class=&#8221;hidden-xs&#8221;][vc_column_text]Der Karton und der Versand eines Paketes dieser Gr\u00f6\u00dfe ergeben den Versandpreis von <strong>EUR 42,00<\/strong>.[\/vc_column_text][vc_empty_space height=&#8221;20px&#8221; el_class=&#8221;hidden-xs&#8221;][vc_column_text]<strong>Bis 4 St\u00fchle ist das die g\u00fcnstigste Variante<\/strong>, auf weitere Distanz gerechnet.[\/vc_column_text][vc_empty_space height=&#8221;20px&#8221; el_class=&#8221;hidden-xs&#8221;][vc_column_text]<strong>Ab 5 St\u00fchlen und mehr kann eine direkte Anlieferung g\u00fcnstiger sein.<\/strong> Der Preis stellt sich aus der Entfernung und der Anzahl der Stationen, die angefahren werden k\u00f6nnen bei einer Tour zusammen. Das bieten wir Ihnen sehr gerne individuell an. Fragen Sie uns.[\/vc_column_text][vc_empty_space height=&#8221;20px&#8221; el_class=&#8221;hidden-xs&#8221;][vc_column_text]<strong>Eine Selbstabholung ist auch m\u00f6glich<\/strong>. Haben Sie diese M\u00f6glichkeit, freuen wir uns, wenn Sie einen Blick in die Werkstatt werfen. In jedem Fall bem\u00fchen wir uns, Ihnen Ihre Lieblingsabholzeit m\u00f6glich zu machen. Sprechen Sie uns diesbez\u00fcglich an.[\/vc_column_text][\/vc_column][\/vc_row][vc_row full_width=&#8221;stretch_row&#8221; parallax=&#8221;content-moving-image&#8221; parallax_image=&#8221;4286&#8243; css=&#8221;.vc_custom_1547024169034{padding-top: 125px !important;padding-bottom: 125px !important;}&#8221;][vc_column][vc_column_text]<\/p>\n<h2 style=\"font-size: 42px; line-height: 52px; max-width: 420px; margin-bottom: 15px;\">Sie sind gewerblicher Abnehmer?<\/h2>\n<div style=\"font-size: 24px; line-height: 34px; padding-bottom: 20px;\">Preise f\u00fcr gewerbliche Abnahmemengen<br \/>\nbitte extra anfragen (Einrichtung von Gastronomie,<br \/>\nBildungsst\u00e4tten, Kommunen, Kirchen usw.)<\/div>\n<div class=\"btn btn-link\"><a title=\"Klaus Bartels - Echtholzdesign - Echtholz Stuhl- Schreinerei - Thurnau\" href=\"mailto:info@klaus-bartels.de\" target=\"_blank\" rel=\"noopener noreferrer\">info@klaus-bartels.de<\/a><\/div>\n<p>[\/vc_column_text][\/vc_column][\/vc_row]<\/p>\n","protected":false},"excerpt":{"rendered":"<p>[vc_row full_width=&#8221;stretch_row&#8221; parallax=&#8221;content-moving-image&#8221; parallax_image=&#8221;4763&#8243; css=&#8221;.vc_custom_1548701244210{margin-top: -85px !important;}&#8221;][vc_column][vc_empty_space height=&#8221;200px&#8221; el_class=&#8221;hidden-xs hidden-sm&#8221;][vc_custom_heading text=&#8221;Versandkosten&#8221; font_container=&#8221;tag:h3|font_size:60px|text_align:center|color:%23ffffff|line_height:60px&#8221; use_theme_fonts=&#8221;yes&#8221; el_class=&#8221;text-header&#8221;][vc_empty_space height=&#8221;200px&#8221; el_class=&#8221;hidden-xs hidden-sm&#8221;][\/vc_column][\/vc_row][vc_row gap=&#8221;30&#8243; css=&#8221;.vc_custom_1548660485172{padding-top: 110px !important;padding-bottom: 110px !important;}&#8221;][vc_column width=&#8221;1\/3&#8243;][vc_custom_heading text=&#8221;Infos zum Versand&#8221; font_container=&#8221;tag:h4|text_align:right|color:%23232323&#8243; use_theme_fonts=&#8221;yes&#8221; el_class=&#8221;headline_h4_text&#8221; css=&#8221;.vc_custom_1548660205616{margin-top: 0px !important;padding-top: 0px !important;}&#8221;][\/vc_column][vc_column width=&#8221;2\/3&#8243;][vc_column_text]Wir haben extra stabile Kartons, die jeweils f\u00fcr einen Stuhl passen. Dort sind die St\u00fchle ohne Plastik und sonstigen M\u00fcll &hellip; <a href=\"https:\/\/www.klaus-bartels.de\/shop\/informationen\/versandkosten\/\" class=\"more-link\">Continue reading <span class=\"screen-reader-text\">Versandkosten<\/span><\/a><\/p>\n","protected":false},"author":1,"featured_media":0,"parent":4907,"menu_order":0,"comment_status":"closed","ping_status":"closed","template":"","meta":{"footnotes":""},"yoast_head":"<!-- This site is optimized with the Yoast SEO plugin v22.1 - https:\/\/yoast.com\/wordpress\/plugins\/seo\/ -->\n<title>Versandkosten &#8211; Echtholzstuhl<\/title>\n<meta name=\"description\" content=\"Impressum - Echtholzstuhl - Massivholz Stuhl aus der Manufaktur Schreinerei Klaus Bartels Echtolzdesign Thurnau, seit 1975.\" \/>\n<meta name=\"robots\" content=\"index, follow, max-snippet:-1, max-image-preview:large, max-video-preview:-1\" \/>\n<link rel=\"canonical\" href=\"https:\/\/www.klaus-bartels.de\/shop\/informationen\/versandkosten\/\" \/>\n<meta property=\"og:locale\" content=\"de_DE\" \/>\n<meta property=\"og:type\" content=\"article\" \/>\n<meta property=\"og:title\" content=\"Versandkosten &#8211; Echtholzstuhl\" \/>\n<meta property=\"og:description\" content=\"Impressum - Echtholzstuhl - Massivholz Stuhl aus der Manufaktur Schreinerei Klaus Bartels Echtolzdesign Thurnau, seit 1975.\" \/>\n<meta property=\"og:url\" content=\"https:\/\/www.klaus-bartels.de\/shop\/informationen\/versandkosten\/\" \/>\n<meta property=\"og:site_name\" content=\"Echtholzstuhl\" \/>\n<meta property=\"article:modified_time\" content=\"2020-09-07T12:40:44+00:00\" \/>\n<meta name=\"twitter:card\" content=\"summary_large_image\" \/>\n<meta name=\"twitter:label1\" content=\"Gesch\u00e4tzte Lesezeit\" \/>\n\t<meta name=\"twitter:data1\" content=\"2\u00a0Minuten\" \/>\n<script type=\"application\/ld+json\" class=\"yoast-schema-graph\">{\"@context\":\"https:\/\/schema.org\",\"@graph\":[{\"@type\":\"WebPage\",\"@id\":\"https:\/\/www.klaus-bartels.de\/shop\/informationen\/versandkosten\/\",\"url\":\"https:\/\/www.klaus-bartels.de\/shop\/informationen\/versandkosten\/\",\"name\":\"Versandkosten &#8211; Echtholzstuhl\",\"isPartOf\":{\"@id\":\"https:\/\/www.klaus-bartels.de\/shop\/#website\"},\"datePublished\":\"2019-01-19T16:52:15+00:00\",\"dateModified\":\"2020-09-07T12:40:44+00:00\",\"description\":\"Impressum - Echtholzstuhl - Massivholz Stuhl aus der Manufaktur Schreinerei Klaus Bartels Echtolzdesign Thurnau, seit 1975.\",\"breadcrumb\":{\"@id\":\"https:\/\/www.klaus-bartels.de\/shop\/informationen\/versandkosten\/#breadcrumb\"},\"inLanguage\":\"de\",\"potentialAction\":[{\"@type\":\"ReadAction\",\"target\":[\"https:\/\/www.klaus-bartels.de\/shop\/informationen\/versandkosten\/\"]}]},{\"@type\":\"BreadcrumbList\",\"@id\":\"https:\/\/www.klaus-bartels.de\/shop\/informationen\/versandkosten\/#breadcrumb\",\"itemListElement\":[{\"@type\":\"ListItem\",\"position\":1,\"name\":\"Startseite\",\"item\":\"https:\/\/www.klaus-bartels.de\/shop\/\"},{\"@type\":\"ListItem\",\"position\":2,\"name\":\"Informationen\",\"item\":\"https:\/\/www.klaus-bartels.de\/shop\/informationen\/\"},{\"@type\":\"ListItem\",\"position\":3,\"name\":\"Versandkosten\"}]},{\"@type\":\"WebSite\",\"@id\":\"https:\/\/www.klaus-bartels.de\/shop\/#website\",\"url\":\"https:\/\/www.klaus-bartels.de\/shop\/\",\"name\":\"Echtholzstuhl - Massivholzst\u00fchle von Klaus Bartels Schreinerei Thurnau\",\"description\":\"Klaus Bartels - Echtholzdesign - Schreinerei | Thurnau\",\"publisher\":{\"@id\":\"https:\/\/www.klaus-bartels.de\/shop\/#organization\"},\"potentialAction\":[{\"@type\":\"SearchAction\",\"target\":{\"@type\":\"EntryPoint\",\"urlTemplate\":\"https:\/\/www.klaus-bartels.de\/shop\/?s={search_term_string}\"},\"query-input\":\"required name=search_term_string\"}],\"inLanguage\":\"de\"},{\"@type\":\"Organization\",\"@id\":\"https:\/\/www.klaus-bartels.de\/shop\/#organization\",\"name\":\"Echtholzstuhl \u2013 Klaus Bartels \u2013 Schreinerei\",\"url\":\"https:\/\/www.klaus-bartels.de\/shop\/\",\"logo\":{\"@type\":\"ImageObject\",\"inLanguage\":\"de\",\"@id\":\"https:\/\/www.klaus-bartels.de\/shop\/#\/schema\/logo\/image\/\",\"url\":\"https:\/\/www.klaus-bartels.de\/shop\/wp-content\/uploads\/2019\/01\/logo_footer_echtholzstuhl_thurnau.png\",\"contentUrl\":\"https:\/\/www.klaus-bartels.de\/shop\/wp-content\/uploads\/2019\/01\/logo_footer_echtholzstuhl_thurnau.png\",\"width\":435,\"height\":92,\"caption\":\"Echtholzstuhl \u2013 Klaus Bartels \u2013 Schreinerei\"},\"image\":{\"@id\":\"https:\/\/www.klaus-bartels.de\/shop\/#\/schema\/logo\/image\/\"}}]}<\/script>\n<!-- \/ Yoast SEO plugin. -->","yoast_head_json":{"title":"Versandkosten &#8211; Echtholzstuhl","description":"Impressum - Echtholzstuhl - Massivholz Stuhl aus der Manufaktur Schreinerei Klaus Bartels Echtolzdesign Thurnau, seit 1975.","robots":{"index":"index","follow":"follow","max-snippet":"max-snippet:-1","max-image-preview":"max-image-preview:large","max-video-preview":"max-video-preview:-1"},"canonical":"https:\/\/www.klaus-bartels.de\/shop\/informationen\/versandkosten\/","og_locale":"de_DE","og_type":"article","og_title":"Versandkosten &#8211; Echtholzstuhl","og_description":"Impressum - Echtholzstuhl - Massivholz Stuhl aus der Manufaktur Schreinerei Klaus Bartels Echtolzdesign Thurnau, seit 1975.","og_url":"https:\/\/www.klaus-bartels.de\/shop\/informationen\/versandkosten\/","og_site_name":"Echtholzstuhl","article_modified_time":"2020-09-07T12:40:44+00:00","twitter_card":"summary_large_image","twitter_misc":{"Gesch\u00e4tzte Lesezeit":"2\u00a0Minuten"},"schema":{"@context":"https:\/\/schema.org","@graph":[{"@type":"WebPage","@id":"https:\/\/www.klaus-bartels.de\/shop\/informationen\/versandkosten\/","url":"https:\/\/www.klaus-bartels.de\/shop\/informationen\/versandkosten\/","name":"Versandkosten &#8211; Echtholzstuhl","isPartOf":{"@id":"https:\/\/www.klaus-bartels.de\/shop\/#website"},"datePublished":"2019-01-19T16:52:15+00:00","dateModified":"2020-09-07T12:40:44+00:00","description":"Impressum - Echtholzstuhl - Massivholz Stuhl aus der Manufaktur Schreinerei Klaus Bartels Echtolzdesign Thurnau, seit 1975.","breadcrumb":{"@id":"https:\/\/www.klaus-bartels.de\/shop\/informationen\/versandkosten\/#breadcrumb"},"inLanguage":"de","potentialAction":[{"@type":"ReadAction","target":["https:\/\/www.klaus-bartels.de\/shop\/informationen\/versandkosten\/"]}]},{"@type":"BreadcrumbList","@id":"https:\/\/www.klaus-bartels.de\/shop\/informationen\/versandkosten\/#breadcrumb","itemListElement":[{"@type":"ListItem","position":1,"name":"Startseite","item":"https:\/\/www.klaus-bartels.de\/shop\/"},{"@type":"ListItem","position":2,"name":"Informationen","item":"https:\/\/www.klaus-bartels.de\/shop\/informationen\/"},{"@type":"ListItem","position":3,"name":"Versandkosten"}]},{"@type":"WebSite","@id":"https:\/\/www.klaus-bartels.de\/shop\/#website","url":"https:\/\/www.klaus-bartels.de\/shop\/","name":"Echtholzstuhl - Massivholzst\u00fchle von Klaus Bartels Schreinerei Thurnau","description":"Klaus Bartels - Echtholzdesign - Schreinerei | Thurnau","publisher":{"@id":"https:\/\/www.klaus-bartels.de\/shop\/#organization"},"potentialAction":[{"@type":"SearchAction","target":{"@type":"EntryPoint","urlTemplate":"https:\/\/www.klaus-bartels.de\/shop\/?s={search_term_string}"},"query-input":"required name=search_term_string"}],"inLanguage":"de"},{"@type":"Organization","@id":"https:\/\/www.klaus-bartels.de\/shop\/#organization","name":"Echtholzstuhl \u2013 Klaus Bartels \u2013 Schreinerei","url":"https:\/\/www.klaus-bartels.de\/shop\/","logo":{"@type":"ImageObject","inLanguage":"de","@id":"https:\/\/www.klaus-bartels.de\/shop\/#\/schema\/logo\/image\/","url":"https:\/\/www.klaus-bartels.de\/shop\/wp-content\/uploads\/2019\/01\/logo_footer_echtholzstuhl_thurnau.png","contentUrl":"https:\/\/www.klaus-bartels.de\/shop\/wp-content\/uploads\/2019\/01\/logo_footer_echtholzstuhl_thurnau.png","width":435,"height":92,"caption":"Echtholzstuhl \u2013 Klaus Bartels \u2013 Schreinerei"},"image":{"@id":"https:\/\/www.klaus-bartels.de\/shop\/#\/schema\/logo\/image\/"}}]}},"_links":{"self":[{"href":"https:\/\/www.klaus-bartels.de\/shop\/wp-json\/wp\/v2\/pages\/4718"}],"collection":[{"href":"https:\/\/www.klaus-bartels.de\/shop\/wp-json\/wp\/v2\/pages"}],"about":[{"href":"https:\/\/www.klaus-bartels.de\/shop\/wp-json\/wp\/v2\/types\/page"}],"author":[{"embeddable":true,"href":"https:\/\/www.klaus-bartels.de\/shop\/wp-json\/wp\/v2\/users\/1"}],"replies":[{"embeddable":true,"href":"https:\/\/www.klaus-bartels.de\/shop\/wp-json\/wp\/v2\/comments?post=4718"}],"version-history":[{"count":12,"href":"https:\/\/www.klaus-bartels.de\/shop\/wp-json\/wp\/v2\/pages\/4718\/revisions"}],"predecessor-version":[{"id":4912,"href":"https:\/\/www.klaus-bartels.de\/shop\/wp-json\/wp\/v2\/pages\/4718\/revisions\/4912"}],"up":[{"embeddable":true,"href":"https:\/\/www.klaus-bartels.de\/shop\/wp-json\/wp\/v2\/pages\/4907"}],"wp:attachment":[{"href":"https:\/\/www.klaus-bartels.de\/shop\/wp-json\/wp\/v2\/media?parent=4718"}],"curies":[{"name":"wp","href":"https:\/\/api.w.org\/{rel}","templated":true}]}}